p - 20 = 0. Suppose -3*i + p*t + 14 - 6 = 0, 52 = 5*i + 3*t. What are the prime factors of 2/i - 27/(-4)?
7
Suppose -4*m - 23 + 9 = 2*v, -4*v - 5*m - 25 = 0. Let b = v + 4. What are the prime factors of 26 + -8 + (-1)/b?
19
Let j(m) = m**2 + 6*m + 4. Let t(i) = 0*i - 4*i - 3*i + 1. Let h be t(1). What are the prime factors of j(h)?
2
Let d(m) = -10*m - 36. Let r(h) = -2*h - 7. Let p(q) = -2*d(q) + 11*r(q). Let n be p(-6). Let f = -4 + n. What are the prime factors of f?
3
Let k = -6 - -35. What are the prime factors of k?
29
Let s = -16 + 22. Let o be (-1)/((-27)/12 + 2). Let n = s - o. List the prime factors of n.
2
Let r = 16 + -10. Suppose -l = 2*m - 40, 5*l - 4 - r = 0. List the prime factors of m.
19
Let n(o) = 8*o. Let z(u) = -17*u - 1. Let l(v) = -5*n(v) - 3*z(v). List the prime factors of l(3).
2, 3
Let o(a) be the first derivative of -a**3/3 + a**2/2 + 11*a - 2. Let n be 2/4*(0 - 0). List the prime factors of o(n).
11
Let r = 27 - 26. What are the prime factors of 24/(3 + -3 + r)?
2, 3
Suppose 0 = -2*m + 6*m - 20. Suppose -6 = -2*h + z, -4*h - h + m*z = -15. Suppose 40 = 5*o - 5*v, -h*o + 4*v + 0*v + 27 = 0. List the prime factors of o.
5
List the prime factors of (-22)/(-88) + (-526)/(-8).
2, 3, 11
Suppose 3*s = -0*s + 15. Suppose 0 = s*d - d - 16. List the prime factors of d.
2
Let a be (-99)/(-12) - (-2)/(-8). Suppose a + 6 = s. What are the prime factors of s?
2, 7
Let f = 3 - 1. Let c = 0 - -2. What are the prime factors of 1*c/(f/7)?
7
Let r be 2/(-4) - (-24)/(-16). List the prime factors of 18 + r/2 + 4.
3, 7
Suppose 0 = l + w - 43, -2*l - w = -0*l - 86. What are the prime factors of l?
43
Let j = -106 + 188. What are the prime factors of j?
2, 41
Suppose -5*s - 2*x = 32 + 25, 53 = -5*s + 2*x. Let g(t) = -8*t**3 - t**2 + 2*t - 1. Let f be g(1). Let n = f - s. What are the prime factors of n?
3
Let t(d) = d**3 + 7*d**2 - 6*d + 8. Let g be t(-8). Let z = g + 13. Suppose 2*h - 3*l = 13, z*h - h + 3*l - 35 = 0. List the prime factors of h.
2
List the prime factors of (-54 - 3)/(1/(-1)).
3, 19
Suppose -5*u = 5*r - u - 164, 4*r + 4*u - 128 = 0. List the prime factors of r.
2, 3
Let r(j) = 17*j - 5. List the prime factors of r(2).
29
Suppose 2*r - 18 = 3*y + 21, 3*y = -2*r + 9. List the prime factors of r.
2, 3
Suppose 0 = -5*w + 148 + 222. What are the prime factors of w?
2, 37
Suppose 3*p + 0*p - 36 = 0. What are the prime factors of p?
2, 3
Let t(p) be the third derivative of -p**5/60 - p**4/8 + 2*p**3/3 - p**2. Let g be t(-4). What are the prime factors of (-1)/((-1)/2) + g?
2
Suppose -2*j + 40 - 6 = 0. Let t = 10 - j. Let d = t - -15. What are the prime factors of d?
2
Let t(u) = 2*u - 2. Let i be t(2). Suppose 0 = 2*j + i*r - 22, 5*j - r = -4*r + 59. List the prime factors of j.
13
Let d(m) = -12 - 2*m + 1 + 2. List the prime factors of d(-8).
7
What are the prime factors of (1 - (-4 - -4)) + 249?
2, 5
Suppose i + 12 = -i + 2*k, 3*i - 5*k + 24 = 0. Let w = i - -9. What are the prime factors of w?
2, 3
Suppose 4*l = 3*g + 298, -3*l - 2*g - g = -234. List the prime factors of l.
2, 19
Suppose -30 = -k - 2*k. Suppose 0 = 5*d - k*d + 10, 0 = s - d - 10. List the prime factors of s.
2, 3
Let l = 3 - -22. Suppose 5*y = 4*r - 32, -5*y + l = r - 2*y. List the prime factors of r.
13
Let l = 21 - 46. Let v = 17 + l. What are the prime factors of (3 + v)*4/(-2)?
2, 5
Suppose 0 = n + 35 - 112. Suppose 0 = -4*c + n - 9. What are the prime factors of c?
17
Suppose -5*v = 3*n - 29, -2*n - 4*v + 9*v - 14 = 0. What are the prime factors of n?
3
Let m(y) = -y - 15. Let l be m(-13). List the prime factors of l/4 + (-134)/(-4).
3, 11
Let c(q) = -2*q + 1. Let r be c(-1). Suppose -r*l + 18 = -84. Suppose k - i + 25 = 4*k, -l = -4*k - i. List the prime factors of k.
3
Let h be 4/(-10) - (-111)/15. Let c = 0 + h. List the prime factors of c.
7
Let f = -214 + 431. List the prime factors of 1/(-3) - f/(-21).
2, 5
List the prime factors of 3/(-2)*(1 + (-235)/15).
2, 11
Suppose -p - p + 2 = 0. Let q = 3 - p. Let f = 7 + q. What are the prime factors of f?
3
Let u = 3 + 5. Let p = u + -5. What are the prime factors of (-6)/(-9) + 4/p?
2
Let p(o) = -o**3 + o**2 + 3*o - 4. Suppose 0 = -0*f - 4*f + 4*s + 8, s + 11 = -2*f. List the prime factors of p(f).
23
Let j(f) = 13*f + 37. List the prime factors of j(5).
2, 3, 17
What are the prime factors of -2*((-103)/2 + 1)?
101
Let n(x) = -x**3 + 15*x**2 + x - 13. Let v be (-3)/(-21) + (-104)/(-7). What are the prime factors of n(v)?
2
Suppose q - 2*q - 31 = 0. Let k = -16 - q. What are the prime factors of k?
3, 5
Let m(o) = o - 8. Let i be m(5). Let q be -6 - i - (-54)/3. Let n = 0 + q. What are the prime factors of n?
3, 5
Let m(o) = 3*o**2 + 3*o - 3. Let y be m(2). What are the prime factors of (-124)/(-3) - (-10)/y?
2, 3, 7
Let q be (60/18)/((-4)/(-6)). Suppose q*x - 33 = 62. List the prime factors of x.
19
Let m(u) = u**3 - 10*u**2 - u + 13. Let f be m(10). Suppose -4*l = -5*j - 62, 0 = j - 2*j + f*l - 19. Let d = j + 16. List the prime factors of d.
2, 3
Suppose -h + u + 9 = -0*u, 5*h + 4*u = 27. Let c = h - 3. Suppose w + c*w = 15. What are the prime factors of w?
3
Let q(c) = c**3 - c**2 - c - 2. Let v be q(0). What are the prime factors of v*(-2 + 33/(-6))?
3, 5
List the prime factors of (-128)/(-4) - (3 - 0).
29
Let c(j) = -j + 2. Let r be c(3). Let n be r + 0 - (2 + -20). Suppose 4*u - 4 - n = 3*d, u - 4*d - 15 = 0. What are the prime factors of u?
3
List the prime factors of (-20)/16 + 2 - 1149/(-4).
2, 3
Let m(u) be the first derivative of u**3/3 + 3*u**2/2 - 5*u + 9. List the prime factors of m(-8).
5, 7
List the prime factors of 2/(-5) - (-10752)/105.
2, 3, 17
Suppose 0 = 3*r + p - 14, -3*r - 2*p + 16 = r. Suppose 6*q - 3*q - 36 = 0. Let d = q + r. What are the prime factors of d?
2, 3
Let c be (-1)/3 - 32/(-6). Let u = -28 + 43. List the prime factors of (18/u)/(2/c).
3
Suppose 5*t + 18 = -x, -5*x = -0*x - 2*t - 18. Let n(z) = -9*z**x - 3 + 4*z**3 + 12*z - 3*z**3 - 3*z - 1. What are the prime factors of n(8)?
2
Suppose -s - 19 = -4*w, -4*s = 5*w - 3 - 26. Let u = w - -3. List the prime factors of (-2)/(0 - 1)*u.
2
Suppose 0 = -0*y + 2*y - 52. Suppose -j - y = -80. What are the prime factors of j?
2, 3
Let k(h) = h**2 - 2*h + 4. What are the prime factors of k(-4)?
2, 7
Let a(m) = -m**3 + 8*m**2 - 7*m. Let u be a(6). Let g = u - 17. What are the prime factors of g?
13
Suppose -2*n - 12 = -5*g - 4*n, -3*n = -g - 1. Suppose -g*v = -v. Let f = 2 + v. What are the prime factors of f?
2
Let m(o) = -o**3 - 6*o**2 - 7*o - 7. Let c be m(-5). Suppose -c*x - 52 = -a, -3*x + 43 = a + 9. What are the prime factors of a?
43
Suppose 0 = 2*f + 2*o - 36, -79 = -4*f - 0*f + 3*o. List the prime factors of f + (1 - 2) + 2.
2, 5
Suppose -1 = 4*t + 95. Let j = -17 - t. What are the prime factors of j?
7
Let a = -347 + 630. What are the prime factors of a?
283
Suppose 4*j - 68 = 5*c - 20, 0 = -5*j + c + 81. List the prime factors of j.
17
Let b be (-60)/(-18) - (-1)/(-3). Suppose 1 = q - b. List the prime factors of q.
2
Let b be 9*(-3 - (-30)/9). Suppose 0 = l - 6*l + 5*k + 40, -b*k - 40 = -5*l. What are the prime factors of l?
2
Let m = 22 + 5. What are the prime factors of m?
3
Let t(w) = w - 10. Let k be t(9). Let f be -1 + k/(1/(-30)). Suppose 5*z - 41 = f. List the prime factors of z.
2, 7
Suppose -3*r + 5*j + 50 = 0, 8 = 5*j - j. List the prime factors of r + (4 - 1)/3.
3, 7
Let k(l) = l**2 + 3*l + 4. Let z be k(-3). Suppose -z*j + 19 = -1. Suppose j*n - 33 = -2*m, 6 = -2*n + 2*m + 2*m. List the prime factors of n.
5
Let z(d) = d**2 + 4*d - 5. Let n be z(-4). Let q be (6/n)/((-6)/20). What are the prime factors of q + (-4)/2 + 1?
3
Let f(y) = -6*y**2 + 7*y + 1. Let x(o) = 5*o**2 - 6*o - 1. Let p(q) = -6*f(q) - 7*x(q). What are the prime factors of p(-4)?
17
Suppose 0 = 2*t - 5*l + 19, 5*t + l = -0*l - 7. Let h be (-1)/(t/182) + -1. Suppose -h = -8*j + 3*j. List the prime factors of j.
2, 3
Let u = -11 - -20. What are the prime factors of u?
3
Suppose -15*u - 428 = -19*u. What are the prime factors of u?
107
Let i(l) = l**2 - 6*l - 2. Let j be i(5). Let o(f) = -3*f - 3. Let b be o(j). Let d = b + -12. List the prime factors of d.
2, 3
Let a = 52 - 23. Suppose 3*s = 2*q + a + 11, -3*s + 3*q + 36 = 0. What are the 